1
In base 5, what is -3033331 - 3222?
-3042103
In base 12, what is -2b0 + 4b134?
4aa44
In base 15, what is 7b + 20a947?
20a9c3
In base 12, what is -3a62 - 16?
-3a78
In base 13, what is -341963 - -3?
-341960
In base 3, what is 11102021212010 - 2?
11102021212001
In base 10, what is -5976 + 2822?
-3154
In base 14, what is 16 + 80988?
809a0
In base 5, what is -302002434 - -2?
-302002432
In base 12, what is 9610b57 - 6?
9610b51
In base 6, what is 22550 + 441154?
504144
In base 3, what is -20202 + -1201001212?
-1201022121
In base 5, what is 41431020 + -1132?
41424333
In base 4, what is 3230123 - -10011?
3300200
In base 14, what is 6c - 2b4a2?
-2b434
In base 3, what is 100 + 10202222210010?
10202222210110
In base 4, what is 10 + 233321022013?
233321022023
In base 6, what is 0 - 2050133351?
-2050133351
In base 16, what is -2a18dc0 + 1?
-2a18dbf
In base 11, what is -821 + 907768?
906a47
In base 2, what is 11001011111100001110 + 1000110100?
11001100000101000010
In base 8, what is 3653060110 + -3?
3653060105
In base 3, what is 2221002 + 1200100002?
1210021011
In base 9, what is -1688030 - -2?
-1688027
In base 6, what is -141535415 + -11?
-141535430
In base 9, what is -3 + -14023323?
-14023326
In base 5, what is 0 - 30221413230?
-30221413230
In base 10, what is -192108709 + -5?
-192108714
In base 9, what is 3241 + -318?
2822
In base 13, what is -28498a + -4?
-284991
In base 11, what is 3583 - -4102?
7685
In base 7, what is -2052415 - 131?
-2052546
In base 4, what is 1 + -32023212?
-32023211
In base 13, what is 59225 + 3cb?
59623
In base 16, what is 3 + 22da649?
22da64c
In base 9, what is 12712 - 12577?
124
In base 15, what is -105 + -2b9d?
-2ca3
In base 7, what is -3565426046 + 1?
-3565426045
In base 8, what is -4471156 - -13?
-4471143
In base 5, what is 0 - -300413203?
300413203
In base 13, what is -270442 + 2a?
-270415
In base 14, what is -273b14 - 8?
-273b1c
In base 8, what is 26437 + 776?
27435
In base 5, what is -24320 - -10223013?
10143143
In base 16, what is -ef + -440e7?
-441d6
In base 7, what is 12 + -41305064?
-41305052
In base 8, what is 0 - 15066213?
-15066213
In base 3, what is -1120 + -120000110021?
-120000111211
In base 13, what is 8a3a - -448?
9185
In base 13, what is -19646 + -40?
-19686
In base 10, what is 43229668 + 1?
43229669
In base 9, what is -4604 + 2216?
-2377
In base 3, what is -2 - 202020202212021?
-202020202212100
In base 4, what is -200020 - -10113233?
3313213
In base 14, what is -5908 + 1640?
-42a8
In base 9, what is 21271385 + -4?
21271381
In base 3, what is 1222111010 + -111?
1222110122
In base 5, what is 1412 - 323012304?
-323010342
In base 15, what is -ee + -3bdc?
-3cdb
In base 4, what is -103323332 + -20301?
-110010233
In base 4, what is 1211 - 11113003102?
-11113001231
In base 16, what is 2f8ec + 23f?
2fb2b
In base 6, what is -12132034521 + 5?
-12132034512
In base 15, what is -158 - 11516?
-1166e
In base 7, what is 101430025 - -3?
101430031
In base 4, what is -20 - -33311?
33231
In base 9, what is -4 + 1417627?
1417623
In base 5, what is 1043114 + 1140?
1044304
In base 3, what is 120121120 + -1112000?
112002120
In base 5, what is -233 - -10022011?
10021223
In base 8, what is -30 + 2013344?
2013314
In base 10, what is 63 + -2998214?
-2998151
In base 12, what is -7 + -330055?
-330060
In base 5, what is -3 - -103004000224?
103004000221
In base 9, what is 47 - 407547?
-407500
In base 4, what is 0 - -23122003011?
23122003011
In base 13, what is -48cc5 + 349?
-48979
In base 3, what is -2100212210220020 - 20?
-2100212210220110
In base 16, what is be + 19dbe?
19e7c
In base 12, what is -6608981 + 2?
-660897b
In base 13, what is -20351 - -1c67?
-1b3b7
In base 8, what is 257670 + 1753?
261643
In base 9, what is 380 + -331267?
-330777
In base 8, what is 332 - 14222?
-13670
In base 7, what is -131033131 - -2?
-131033126
In base 16, what is -1 + -9d90079?
-9d9007a
In base 8, what is -1066 - -10570?
7502
In base 13, what is 184 - -2822?
29a6
In base 11, what is 8365a760 + 4?
8365a764
In base 7, what is -2231 - 214210?
-216441
In base 2, what is -11 + -110111110111111000010101?
-110111110111111000011000
In base 8, what is -16422400 - -27?
-16422351
In base 11, what is -1219a2 - 12?
-121a04
In base 9, what is -70176882 + -10?
-70177002
In base 5, what is -210413314 + -32?
-210413401
In base 16, what is 2e - -413555?
413583
In base 15, what is -21789 - -559?
-21230
In base 13, what is 13 + -5851c3?
-5851b0
In base 7, what is 4324656556 - 1?
4324656555
In base 16, what is 18d - -1731?
18be
In base 11, what is -88 - -360a2?
36015
In base 10, what is -37 + 1592508?
1592471
In base 8, what is -45036422 + -11?
-45036433
In base 14, what is 15 + 66864d?
668664
In base 8, what is 0 - 153602613?
-153602613
In base 14, what is 2 + -19dd0a?
-19dd08
In base 3, what is -11 - 22022022121102?
-22022022121120
In base 7, what is 1 + -1611?
-1610
In base 6, what is -4 + 31122002?
31121554
In base 2, what is -1010 + 100110100101001011101101110?
100110100101001011101100100
In base 9, what is -477561701 - 3?
-477561704
In base 15, what is -6b + -4bc49?
-4bcb5
In base 3, what is 212222010 - 21101?
212200202
In base 11, what is -5563 - 17?
-557a
In base 2, what is -10010110001 - 1110011000001?
-10000101110010
In base 11, what is 512a1 + 4418?
55709
In base 11, what is 48 + 8848897?
8848934
In base 9, what is 101203474 - 5?
101203468
In base 16, what is -935 - 86?
-9bb
In base 10, what is -384575 + -462?
-385037
In base 9, what is -3535147 - -1376?
-3533661
In base 6, what is 1025212 + 415?
1030031
In base 15, what is -12 - 289b6?
-289c8
In base 14, what is 1606a + d8?
16164
In base 16, what is -caf1 - 2773?
-f264
In base 12, what is -1187 - -1670?
4a5
In base 2, what is -10001 - -11100100001010?
11100011111001
In base 15, what is -4 - 1300ed?
-130102
In base 16, what is 1b3595 + 68?
1b35fd
In base 3, what is -202011 + 1201202101?
1201000020
In base 4, what is -210 - -10023312323?
10023312113
In base 9, what is -307 + 223615?
223307
In base 7, what is -2 - 3354513316?
-3354513321
In base 10, what is 295103 + -637?
294466
In base 8, what is -44213075 - 44?
-44213141
In base 14, what is -540 + 31c41?
31701
In base 16, what is 166416 - 10?
166406
In base 6, what is -4050012 - -1305?
-4044303
In base 12, what is 1 - 2843553b?
-2843553a
In base 3, what is 222200102200201 - 12?
222200102200112
In base 2, what is -10100100 - 100110110011111?
-100111001000011
In base 13, what is -59b + -4919?
-51b7
In base 2, what is 101100110000100001011 + 111011?
101100110000101000110
In base 7, what is 55646 + -601?
55045
In base 6, what is 11 + -2142412324?
-2142412313
In base 14, what is -4 - -84cd965?
84cd961
In base 16, what is -25 - -7c43a?
7c415
In base 13, what is 1b + 1240837?
1240855
In base 12, what is 1143a5b8 - 2?
1143a5b6
In base 7, what is -156365360 - 0?
-156365360
In base 10, what is -41038709 - 6?
-41038715
In base 14, what is 59bb - 330?
568b
In base 16, what is 9a + -842500?
-842466
In base 5, what is 110033 - -12230?
122313
In base 13, what is 121c - 283?
c69
In base 16, what is -4f1012e - 0?
-4f1012e
In base 16, what is -13 - -984d4?
984c1
In base 3, what is 21100 - -10011010111202?
10011010210002
In base 7, what is -343 + 1142602?
1142226
In base 7, what is 301421 + 254?
302005
In base 2, what is -1001 - 111100010000110111110?
-111100010000111000111
In base 15, what is b - 6796e1?
-6796d5
In base 7, what is 36322216 + 15?
36322234
In base 10, what is 647214530 - 4?
647214526
In base 11, what is 1341175 + 35?
13411aa
In base 6, what is 2131 - 5443411?
-5441240
In base 10, what is 750 - 11397?
-10647
In base 6, what is -1 + -1001333445?
-1001333450
In base 7, what is 1512435051 + -1?
1512435050
In base 6, what is 151415 - -1023?
152442
In base 5, what is 22223 - -1110404?
1133132
In base 3, what is 2012211121002 - 2?
2012211121000
In base 5, what is 2340200 + -2422?
2332223
In base 4, what is 1100 + -21213131?
-21212031
In base 13, what is 246 + -7b02?
-7889
In base 15, what is -240e6b1 + -3?
-240e6b4
In base 3, what is 10000012 - 2201120?
21122
In base 16, what is -20e9 + -132?
-221b
In base 5, what is -1404412 + -14120?
-1424032
In base 10, what is -23618 - -3550?
-20068
In base 8, what is -272650107 - 2?
-272650111
In base 7, what is -1664315 + -1345?
-1